?
True
Does 5 divide 22091?
False
Does 11 divide 250091?
False
Does 6 divide 1208501?
False
Is 171 a factor of 2789430?
False
Is 12612890 a multiple of 35?
False
Is 6521432 a multiple of 298?
True
Does 29 divide 1876010?
True
Is 101 a factor of 715181?
True
Is 489278 a multiple of 119?
False
Does 6 divide 42520?
False
Is 255 a factor of 251175?
True
Does 162 divide 7965702?
True
Is 465532 a multiple of 14?
False
Does 112 divide 3371106?
False
Does 2 divide 258798?
True
Does 443 divide 329650?
False
Is 181 a factor of 5117413?
True
Is 1034 a multiple of 94?
True
Is 4 a factor of 45264?
True
Is 6 a factor of 6360?
True
Is 12 a factor of 6491796?
True
Is 74715 a multiple of 17?
True
Does 9 divide 613962?
True
Is 12 a factor of 13825140?
True
Does 169 divide 4259143?
False
Is 9836913 a multiple of 473?
False
Is 255831 a multiple of 10?
False
Is 27 a factor of 61047?
True
Is 3572049 a multiple of 121?
False
Is 60 a factor of 149055?
False
Does 17 divide 11408411?
True
Is 25 a factor of 103804?
False
Is 142 a factor of 668394?
True
Does 182 divide 4905446?
True
Is 26089 a multiple of 22?
False
Does 111 divide 9259438?
False
Does 15 divide 8748983?
False
Is 11139 a multiple of 3?
True
Is 12104507 a multiple of 1609?
True
Does 570 divide 14381670?
True
Is 233 a factor of 2586975?
False
Is 1256805 a multiple of 812?
False
Does 10 divide 192371?
False
Is 13 a factor of 237681?
False
Is 10986147 a multiple of 12?
False
Does 28 divide 17061057?
False
Does 2 divide 166988?
True
Does 6 divide 1725936?
True
Is 45 a factor of 153585?
True
Is 14214 a multiple of 2?
True
Does 109 divide 3419330?
True
Is 123 a factor of 219648?
False
Is 1262100 a multiple of 25?
True
Does 6 divide 545126?
False
Is 230 a factor of 2148430?
True
Does 17 divide 22127?
False
Does 180 divide 5175720?
True
Does 15 divide 215700?
True
Is 84 a factor of 40320?
True
Does 6 divide 35718?
True
Is 423831 a multiple of 95?
False
Is 242132 a multiple of 2?
True
Is 65869 even?
False
Is 12 a factor of 4306788?
True
Is 539307 a multiple of 56?
False
Is 23 a factor of 35001?
False
Is 4 a factor of 953321?
False
Is 348 a factor of 2925138?
False
Does 4 divide 46996?
True
Is 13 a factor of 19370?
True
Is 241 a factor of 756590?
False
Is 43 a factor of 4472?
True
Does 52 divide 492388?
True
Does 22 divide 360074?
True
Is 313906 a multiple of 83?
True
Does 12 divide 4127940?
True
Is 2687808 a multiple of 48?
True
Does 302 divide 166385?
False
Is 11 a factor of 496155?
True
Is 83415 a multiple of 335?
True
Is 115 a factor of 426668?
False
Is 28 a factor of 667904?
False
Is 116 a factor of 1770871?
False
Does 795 divide 1993860?
True
Does 100 divide 233055?
False
Does 88 divide 39600?
True
Is 127256 a multiple of 4?
True
Is 48384 a multiple of 14?
True
Does 3 divide 254282?
False
Is 3632606 a multiple of 1526?
False
Is 365 a factor of 140160?
True
Does 79 divide 530011?
True
Is 744 a factor of 20832?
True
Is 11 a factor of 4750?
False
Is 26 a factor of 147770?
False
Is 247 a factor of 1617303?
False
Is 108796 a multiple of 118?
True
Is 49 a factor of 256759?
False
Does 181 divide 91917?
False
Does 235 divide 1331025?
False
Does 67 divide 559383?
True
Is 967032 a multiple of 814?
True
Does 3 divide 36005?
False
Does 171 divide 402363?
True
Is 90 a factor of 147420?
True
Does 176 divide 209264?
True
Is 200 a factor of 1603844?
False
Does 11 divide 742353?
False
Is 6 a factor of 7156?
False
Is 9 a factor of 649057?
False
Is 140896 a multiple of 8?
True
Is 13604180 a multiple of 20?
True
Is 22533 a multiple of 4?
False
Is 733642 a multiple of 14?
True
Is 747318 a multiple of 143?
True
Does 132 divide 684816?
True
Does 147 divide 288152?
False
Is 234 a factor of 22750416?
True
Is 13 a factor of 604555?
False
Is 3 a factor of 2090727?
True
Is 3546015 a multiple of 37?
False
Does 294 divide 59682?
True
Does 31 divide 298588?
False
Is 11 a factor of 140393?
True
Is 31 a factor of 1448258?
True
Is 67465 a multiple of 5?
True
Is 346 a factor of 207600?
True
Is 166 a factor of 1470495?
False
Is 9991 a multiple of 4?
False
Is 248342 a multiple of 61?
False
Is 2793578 a multiple of 73?
False
Is 83400 a multiple of 10?
True
Is 135326 a multiple of 36?
False
Is 411 a factor of 15604026?
True
Does 23 divide 267713?
False
Is 21 a factor of 2554467?
False
Is 517925 a multiple of 25?
True
Is 190044 a multiple of 11?
False
Does 16 divide 12016512?
True
Is 61 a factor of 206180?
True
Is 74674 a multiple of 346?
False
Does 1174 divide 1072207?
False
Is 38 a factor of 9160637?
False
Is 84042 a multiple of 29?
True
Is 19 a factor of 12220888?
False
Does 22 divide 362619?
False
Does 39 divide 419172?
True
Is 500547 a multiple of 20?
False
Is 371812 a multiple of 343?
True
Does 10 divide 503270?
True
Is 32508 a multiple of 63?
True
Is 5 a factor of 98990?
True
Does 98 divide 487279?
False
Does 9 divide 1115830?
False
Does 46 divide 425280?
False
Is 77 a factor of 32704198?
False
Is 227 a factor of 488067?
False
Is 1492542 a multiple of 19?
False
Is 26916496 a multiple of 2547?
False
Is 3979120 a multiple of 38?
False
Is 30367812 a multiple of 2044?
False
Is 73 a factor of 13010?
False
Is 769182 a multiple of 102?
True
Is 14 a factor of 15744831?
False
Is 826800 a multiple of 52?
True
Does 2 divide 39581?
False
Does 34 divide 2619854?
False
Is 4 a factor of 305063?
False
Is 151275 a multiple of 171?
False
Does 4 divide 65501?
False
Does 6 divide 3506516?
False
Does 853 divide 9049477?
True
Is 1415912 a multiple of 11?
False
Is 3902557 a multiple of 578?
False
Is 1462192 a multiple of 99?
False
Does 2 divide 67011?
False
Is 26 a factor of 2926794?
True
Is 179828 a multiple of 737?
True
Is 104997 a multiple of 3?
True
Is 32 a factor of 308360?
False
Does 3 divide 105365?
False
Is 9 a factor of 4335912?
True
Is 3450020 a multiple of 76?
True
Does 109 divide 390329?
True
Does 8 divide 70432?
True
Is 40 a factor of 31689?
False
Is 82 a factor of 88734?
False
Does 320 divide 3252672?
False
Is 195 a factor of 2151904?
False
Is 47107 a multiple of 4?
False
Is 2 a factor of 1088?
True
Does 15 divide 2364238?
False
Is 239680 a multiple of 35?
True
Does 67 divide 676624?
False
Does 896 divide 1111040?
True
Is 751075 a multiple of 65?
True
Is 15 a factor of 3648810?
True
Is 1251619 a multiple of 10?
False
Does 136 divide 963288?
True
Is 4 a factor of 7436?
True
Is 332 a factor of 2838932?
True
Does 9 divide 38773?
False
Is 12 a factor of 14143466?
False
Is 13 a factor of 396468?
False
Is 334916 a multiple of 101?
True
Is 175 a factor of 84875?
True
Is 25 a factor of 14309363?
False
Does 9 divide 105786?
True
Is 61747 a multiple of 28?
False
Is 13 a factor of 189600?
False
Is 38 a factor of 75468?
True
Is 165 a factor of 57686?
False
Does 193 divide 584456?
False
Does 5 divide 439905?
True
Is 3 a factor of 26346?
True
Is 581380 a multiple of 82?
True
Is 180 a factor of 3674126?
False
Does 26 divide 507858?
True
Is 39168 a multiple of 136?
True
Is 4 a factor of 33924?
True
Does 3 divide 38319?
True
Is 21 a factor of 8400189?
True
Does 34 divide 556818?
True
Is 2 a factor of 387689?
False
Is 378191 a multiple of 179?
False
Is 509665 a multiple of 34?
False
Is 1881302 a multiple of 21?
False
Is 76 a factor of 15289480?
False
Is 337583 a multiple of 195?
False
Does 1016 divide 617913?
False
Does 3 divide 75429?
True
Is 356352 a multiple of 64?
True
Is 2593636 a multiple of 18?
False
Is 1275 a factor of 24389475?
True
Does 153 divide 155632?
False
Is 109 a factor of 1237790?
False
Is 8 a factor of 1865904?
True
Does 13 divide 8087560?
True
Does 35 divide 6364848?
False
Is 6 a factor of 121704?
True
Does 72 divide 745832?
False
Does 339 divide 1187178?
True
Is 694783 a multiple of 195?
False
Is 119 a factor of 1776789?
True
Is 38 a factor of 904768?
False
Is 34 a factor of 160446?
True
Does 209 divide 9445546?
True
Does 6 divide 20829?
False
Is 64 a factor of 53504?
True
Is 22908 a multiple of 4?
True
Is 8733489 a multiple of 27?
False
Is 59 a factor of 284439?
True
Is 35 a factor of 120050?
True
Is 236258 a multiple of 5?
False
Is 47 a factor of 135546?
False
Is 15 a factor of 6975429?
False
Is 36109 a multiple of 9?
False
Is 56 a factor of 432081?
False
Is 3672 a multiple of 12?
True
Is 6 a factor of 265547?
False
Is 210235 a multiple of 19